g) = -11*g. Let v(i) = -6*h(i) + 34*r(i). Give v(-5).
10
Let v(g) be the first derivative of g**2 - 4*g + 12. Determine v(6).
8
Let l(z) be the first derivative of -1/3*z**3 - 3 - 1/2*z**2 - 3*z - 1/4*z**4. Let o = 0 + 0. What is l(o)?
-3
Let s(a) = -a + 2. Let b be s(-4). Suppose 3*j = b*f - 2*f + 17, 4*j - 23 = 5*f. Let d(h) = 7 - 21 + j + 2*h. Calculate d(5).
3
Let m(h) = h**3 + 10*h**2 + h + 13. Let s be ((-3)/3)/(7/(-28)). Suppose s*p = 2*g - 0*p + 20, 0 = p. Determine m(g).
3
Let k = -10 + 4. Let h(z) = 5*z**3 + 10*z**2 + 4. Let w(i) = 2*i**3 + 2*i**2 - 1. Let u(j) = -h(j) + 2*w(j). Calculate u(k).
-6
Let s(p) = p**2 - 2*p - 2. Let b be 18*(1 - 0)/(-1). Let w be (-76)/18 - 4/b. Let l(m) = -m**3 - 3*m**2 + 4*m - 2. Let g be l(w). Give s(g).
6
Let q = -13 + 16. Let m(n) = -5*n**2 + n**2 + 5*n - 4 + 2*n**q - 8*n**3 + 5*n**3. Suppose 6*b + 9 = -21. Calculate m(b).
-4
Let g(m) = -3*m - 9. Suppose -11*b + 13*b + 14 = 0. Let s(o) = 4*o + 13. Let x(d) = b*g(d) - 5*s(d). What is x(0)?
-2
Let a be 3/5 + 210/25. Let k(x) be the third derivative of -x**6/120 + x**5/6 - 7*x**4/24 - 11*x**3/6 + 10*x**2. Determine k(a).
7
Let v(j) = -j - 1. Let g = 4 + -7. Let x be v(g). Let u(f) be the third derivative of -f**6/40 + f**5/20 - f**4/24 + f**3/3 + 3*f**2. Give u(x).
-12
Let a be 34 - 4/(1 - 5). Let v = -28 + a. Let u(y) = -y**3 + y**2 + 3*y - 1 + y**2 + 3*y**2 - v*y**2. Calculate u(-3).
-1
Let a(j) be the first derivative of 3 + 0*j**2 + 0*j**4 + 1/20*j**5 + 3*j + 1/6*j**3. Let z(t) be the first derivative of a(t). Determine z(1).
2
Suppose 7*k - 6*k - 2 = 0. Let o be 3/6*k + 1. Suppose -o*s - 3*q = -5*q + 10, s + 3*q = -5. Let w(d) = -d**2 - 4*d - 2. Calculate w(s).
-7
Let v(q) = q**3 - 2*q - 1. Let n(r) = -r**3 + 6*r**2 + 17*r - 9. Let m(j) = 2*j**2 - 6*j + 8. Let w be m(3). Let f be n(w). Give v(f).
0
Suppose -3*y = 3*c + 2*c - 17, -2*y + 2*c = -6. Let q(i) = 6*i**2 - 6*i + 5 - 2*i**3 + 3*i**3 + i - 2*i**3. Determine q(y).
17
Suppose 3*j = j + 4. Let o(y) be the second derivative of 8*y + 1/12*y**4 + 0 + y**2 - 1/2*y**3. What is o(j)?
0
Let c(j) = -j**2 - 5*j - 1. Let t be ((-10)/4)/((-3)/6). Suppose -7*y + 18 = -2*o - t*y, -o = -3*y + 17. Determine c(o).
-1
Let u(s) = -3*s**3 - s**2 + 2*s - 1. Let p(l) = -l + 9. Let z be p(8). Let r be (-27 + z)*(-3)/(-6). Let i = r - -14. Give u(i).
-3
Let d(m) = m**2 + m + 2. Let b(p) = 8*p**2 + p + 2. Let r(a) = b(a) - 2*d(a). Determine r(-2).
24
Let i(a) = -3*a - 1. Let x(t) = 11*t + 4. Let y(k) = 4*i(k) + x(k). Give y(-4).
4
Let o = 43 - 38. Let m(i) = 15*i**2 - 25*i + 10. Let x(y) = -7*y**2 + 12*y - 5. Let w(h) = -6*m(h) - 13*x(h). Calculate w(o).
0
Let y(f) be the third derivative of f**4/24 - f**3/3 - 69*f**2. Calculate y(3).
1
Let b(y) = 9*y**2 + y + 5. Let m(t) = 11*t**2 + 6. Let l(g) = 4*b(g) - 3*m(g). Determine l(-4).
34
Let f(t) = -t**3 - 20*t**2 - 21*t + 18. Let w be f(-19). Let y(m) = 2*m**2 - m**2 - 59 + 5*m + w. Calculate y(-7).
11
Let q(d) be the first derivative of -d**2/2 + 27*d + 433. Give q(8).
19
Let n be 14/(-7)*1/2. Let p be n + 30/(-1 + 6). Let d(w) = -w**3 + 6*w**2 - 5*w - 2. Give d(p).
-2
Let v be -3 - (24/(-28))/(2/14). Suppose 0*x - 3*m = 5*x + 44, -v*x - 30 = 3*m. Let g(d) = d + 6. Calculate g(x).
-1
Let f(p) = -16*p**2 + p**3 - 2*p - 19*p**2 - 2 + 29*p**2 + 4. What is f(6)?
-10
Let t(h) = h - 12. Let s be t(22). Suppose -s + 60 = 10*k. Let y(f) = f**2 - 5*f + 4. What is y(k)?
4
Let v(s) = s**3 - 18*s**2 + s - 21. Let r(i) = 3*i**3 - 37*i**2 + 3*i - 42. Let w(j) = 2*r(j) - 5*v(j). Let p be w(-16). Let g(u) = -2*u - 1. Determine g(p).
-11
Let d(r) = -r**2 - 5*r - 4. Let w be (-1938)/247 + (-2)/13. What is d(w)?
-28
Let k(i) = i**2 + 7*i - 5. Let t(g) = 4*g**2 + 3*g. Let v(w) = -w**2 + w. Let n(z) = t(z) + 3*v(z). Let q be n(-3). What is k(q)?
13
Let x = -19 - 29. Let i be 12/x + (0 - 2)/(-8). Let r(p) = p**3 - p**2 + 10. Give r(i).
10
Let m(v) = v**3 - 15*v**2 - 16*v + 7. Suppose 33 = i + 4*u + 9, 5*i - 4*u - 72 = 0. Let o be m(i). Let z(w) = w - 5. Give z(o).
2
Let v(n) = -1 - 1 + 295*n - 147*n - 147*n. Calculate v(8).
6
Let k(r) = 11*r - 5. Let a = 1495 + -1493. Give k(a).
17
Let x = -4 + 6. Let y be (x/6)/((-3)/(-54)). Let v(n) = n**3 - 7*n**2 + 8*n + 1. Determine v(y).
13
Let m(v) be the third derivative of v**4/8 - 13*v**3/3 - 105*v**2. Give m(8).
-2
Let a(d) = -2*d - 11. Let l(x) = -x**2 - 33*x - 13. Let n be l(0). What is a(n)?
15
Let j(u) = 2*u**3 + 3*u + 9 + 10 + 9 - 10*u**2 - 38. What is j(5)?
5
Let c = -1 + 44. Suppose 5*q - 33 = -i, 5*q + 5*i - c = 9*i. Let s(y) = -y + 7. Give s(q).
0
Let f(x) = x**2 + 8*x + 20. Let a be f(-5). Let i(t) = -t**3 + 4*t**2 + 6*t + 4. Determine i(a).
9
Suppose 14*t + 58 = 12*t. Let q = t - -32. Let k(g) = 3 - 3*g**2 - 2*g**3 + 3*g**q - 6*g + 5*g**2 + 3*g. Give k(-3).
3
Let k(n) = 2*n**2 - 8*n - 22. Let x be k(6). Let j be (x + 3/(-2))/(2/(-8)). Let v(p) = -2*p - 3. What is v(j)?
1
Let u(v) = 8*v**2 - 4*v - 1. Let g(l) = l**2 - l. Let x(f) = -5*g(f) + u(f). Give x(-2).
9
Let r = 1343 + -1347. Let u(i) = 8*i. Calculate u(r).
-32
Let l = -266 - -277. Let f(k) = k - 26. Calculate f(l).
-15
Let v(i) = -3*i + 8. Let n(a) = a - 18. Let m(r) = r - 9. Let k(o) = -5*m(o) + 2*n(o). Let y(d) = 3*k(d) - 4*v(d). Calculate y(5).
10
Suppose 7*d = d. Let w(h) = -3*h + 10*h + d*h. Let m(b) = b + 5. Let n be m(-4). What is w(n)?
7
Suppose 0 = -3*u - t + 3, 4*u + 5*t = u + 15. Suppose -4*n = -x + n, u = 2*x + 4*n. Suppose -6*r + 2*r - 12 = x. Let p(f) = -f**3 - 3*f**2 - 4. Calculate p(r).
-4
Suppose k - 1 = -a + 2, -2*a + 4*k = -6. Let w be 2 - (-4)/16*0. Let s(h) = -2*h + h + a - w. Determine s(7).
-6
Let p(k) = k**2 + 9. Let m be p(0). Suppose -m*x = -8*x. Suppose x = 4*g - 8 - 8. Let o(i) = -i**3 + 4*i**2 - 2*i - 2. Calculate o(g).
-10
Let u(t) be the first derivative of t**4/4 - 13*t**3/3 + 11*t**2 - 5*t + 411. Calculate u(11).
-5
Let y(n) = n**3 - 3*n**2 - n. Let k = 106 + -103. Determine y(k).
-3
Let j(q) = -5*q + 4. Let g(r) = -14*r + 11. Let m(u) = -6*g(u) + 17*j(u). Let d = -8 - -11. Give m(d).
-1
Let x(w) = w + 13. Let o be (-2 + (-69)/(-9) + -5)*-12. Determine x(o).
5
Suppose -4*o = -7*o + 6, z = o + 18. Let t(s) = -12 + 6*s**2 - s + z - 4*s + s**3. What is t(-7)?
-6
Let d(y) be the second derivative of -y**5/20 + 7*y**4/12 - y**3/3 + 15*y**2/2 - 52*y + 1. Calculate d(7).
1
Suppose r - 5 = -2. Let p(b) = 235*b**2 - 233*b**2 - b**3 + 0*b**3. Determine p(r).
-9
Let y(n) be the first derivative of -n**4/4 - 2*n + 4. Let q = 5 - 2. Suppose -p - q = -1. Determine y(p).
6
Suppose 22 = 2*a - 3*t, 15*a + 4*t = 16*a - 21. Let k(u) = 2*u**2 - 6*u - 7. Give k(a).
13
Let u(a) = -a**2 + 6*a + 2. Suppose 3*f = -0*f + 24. Determine u(f).
-14
Let p(x) = 7*x + 6 - 5*x**2 - 2*x - 4*x + 4*x**2. Let h(u) = 2*u**2 - 2*u - 12. Let q(y) = 6*h(y) + 11*p(y). What is q(0)?
-6
Let i(d) = -58*d - 1. Let j be i(-1). Let l be (-2)/(-11) + j/(-11). Let w(s) = 4*s - 5*s + 21*s + s**2 - 15*s - 6. Calculate w(l).
-6
Let x(f) be the third derivative of f**6/720 + f**5/40 - 31*f**4/24 + 28*f**2. Let i(h) be the second derivative of x(h). What is i(0)?
3
Let g(i) = -2*i. Let z be (48/9)/(-8)*-33. Suppose -z*n = -27*n + 35. What is g(n)?
-14
Let o(y) = 4*y + 51. Suppose 124 = -8*k + 28. Calculate o(k).
3
Let u(i) be the second derivative of -i**4/6 + 4*i**3/3 + 5*i**2/2 + 2*i + 111. What is u(7)?
-37
Let v(c) = 5*c + 4. Let o(p) = -2*p - 1. Let i(h) = 3*o(h) + v(h). What is i(7)?
-6
Let b(y) = 4*y - 50. Suppose 0 = -39*u + 36*u + 30. What is b(u)?
-10
Let u(w) be the first derivative of w**2/2 - 10*w - 5. Let z be u(14). Let g be 6/z - 28/(-8). Let p(t) = t - 6. What is p(g)?
-1
Suppose -3*g = -4*z - 15, 4*z + 6 = g - 7. Let v(q) = -q**3 - 3*q**2 - 3*q. Determine v(z).
9
Let a(j) = -j**2 + 9*j - 18. Let u(k) = -5*k**2 + 44*k - 91. Let s(o) = -11*a(o) + 2*u(o). Let z be s(9). Let b(y) = y**3 + 4*y**2 + 4*y + 3. Give b(z).
3
Let w(i) be the third derivative of -1/60*i**6 + 1/30*i**5 + 0*i**3 + 1/24*i**4 + i**2 + 0 - 25*i. Give w(2).
-6
Let z(c) = c**3 - 6*c**2 + 4*c - 4. Let t(r) = r - 36. Let h be t(5). Let a = h + 36. Determine z(a).
-9
Let t(p) = 3*p + 2*p - 4*p. Let q be t(2). Let v = -2 - q. Let n(h) = h**3 + 3*h**2 - 2*h - 3. Calculate n(v).
-11
Let x(z) be the third derivative of z*